-1130102331
-2453963 (base 13) to base 11
-6411204
What is 1020b2 (base 12) in base 16?
3da06
What is -2041349 (base 11) in base 6?
-205122321
283896 (base 10) to base 2
1000101010011111000
270653 (base 8) to base 7
542622
What is 8a8415 (base 13) in base 5?
1314233344
Convert 32021220 (base 4) to base 6.
1124200
Convert 463479 (base 13) to base 6.
55355133
What is -4a9216 (base 11) in base 9?
-1453267
What is -444631 (base 8) in base 5?
-14244123
-224210121 (base 5) to base 3
-1220011020000
What is -1011000011100101001101 (base 2) in base 16?
-2c394d
3010311 (base 6) to base 7
1126120
Convert 611bb (base 12) to base 5.
13021211
Convert -6334622 (base 9) to base 8.
-14732742
202026 (base 8) to base 10
66582
120221002210 (base 3) to base 10
313545
What is 11101010101111011111100 (base 2) in base 15?
a1e1bd
What is -1ff15 (base 16) in base 8?
-377425
Convert -22110110001 (base 3) to base 16.
-28a89
-11332003220 (base 4) to base 5
-400034104
What is -10220130021 (base 4) in base 9?
-2250530
-3002011132 (base 4) to base 5
-200414344
What is -14230605 (base 8) in base 2?
-1100010011000110000101
Convert -99a66d (base 14) to base 7.
-62216466
Convert 167dad (base 16) to base 12.
5b0ba5
Convert -2585b (base 15) to base 11.
-82191
What is a9360 (base 14) in base 11?
25a759
What is -100a312 (base 11) in base 13?
-4a6779
Convert 10d685 (base 16) to base 13.
2c8371
501396 (base 11) to base 15
10e1d9
Convert -555450122 (base 6) to base 14.
-14a14b0
What is 1c23d (base 15) in base 11?
62933
What is 112122212021 (base 3) in base 9?
478767
-1330324343 (base 5) to base 12
-11666b2
Convert -11010100100100000100001 (base 2) to base 3.
-111002212120101
121013110220 (base 4) to base 3
110101110222202
Convert 103530 (base 11) to base 15.
34157
What is 9104 (base 14) in base 16?
6140
What is -4760017 (base 9) in base 12?
-a44221
Convert -32742 (base 12) to base 15.
-14b82
What is 55c49 (base 13) in base 11?
a7129
What is -4538018 (base 10) in base 5?
-2130204033
1001100111010 (base 2) to base 14
1b18
What is 3041133332 (base 5) in base 4?
113213331013
What is 6692393 (base 10) in base 6?
355235145
What is 600a0 (base 12) in base 2?
11110011001111000
-666214 (base 10) to base 15
-d25e4
70c4a4 (base 16) to base 4
130030102210
8801712 (base 9) to base 14
8b0043
What is 26277324 (base 8) in base 2?
10110010111111011010100
-362854 (base 10) to base 16
-58966
-196e5 (base 16) to base 12
-50345
Convert -9156a (base 12) to base 6.
-4015414
What is -ab429 (base 15) in base 7?
-4424631
What is -756192 (base 11) in base 8?
-4470702
Convert -e6be (base 16) to base 2.
-1110011010111110
1000000111101010 (base 2) to base 5
2031013
21446141 (base 8) to base 6
242425013
Convert -3361713 (base 8) to base 7.
-10510613
Convert 101001222100 (base 3) to base 16.
3067e
What is -11466bd (base 16) in base 8?
-105063275
What is 146428 (base 9) in base 7?
523304
368206 (base 12) to base 5
211310110
20012332110 (base 4) to base 7
24032265
15a7e8 (base 16) to base 7
15030504
Convert -327013 (base 9) to base 15.
-3cd59
Convert 25180 (base 13) to base 15.
153da
What is -22106615 (base 8) in base 15?
-63dc89
Convert 1335035410 (base 6) to base 5.
13121213000
Convert -62fe6 (base 16) to base 13.
-112738
Convert -5644026 (base 7) to base 9.
-1276300
Convert -547520 (base 11) to base 14.
-18a5d9
Convert -303012203013 (base 4) to base 3.
-221012121002100
What is 430173 (base 11) in base 2?
10101000000011001000
What is 1608548 (base 12) in base 11?
259a0aa
What is 1764317 (base 8) in base 10?
518351
Convert -1101011001011010 (base 2) to base 4.
-31121122
-420345 (base 7) to base 6
-1314150
Convert 73124 (base 8) to base 3.
1112112221
What is -437180 (base 9) in base 3?
-111021012200
What is 13402002 (base 5) in base 16?
21a18
What is 1052351 (base 6) in base 16?
d1cb
What is 2131331121 (base 4) in base 16?
9df59
-4acbb (base 15) to base 9
-404015
What is -3615475 (base 8) in base 5?
-223140023
Convert 1022321202 (base 4) to base 2.
1001010111001100010
-3228876 (base 9) to base 14
-33132c
What is 45757 (base 12) in base 5?
10431114
What is -145786 (base 9) in base 7?
-522114
163164 (base 8) to base 13
20b12
-10011110001101000 (base 2) to base 12
-3aa60
Convert 213321355 (base 6) to base 5.
1433233130
Convert -4114505 (base 6) to base 7.
-1446413
Convert 8812 (base 10) to base 13.
401b
What is 20127 (base 16) in base 5?
13200432
-98a8c0 (base 15) to base 13
-16794c6
Convert 2281264 (base 9) to base 13.
342b32
What is -1b61a13 (base 12) in base 15?
-7a8840
Convert 34335205 (base 6) to base 4.
10001201111
-3d3b3 (base 14) to base 11
-a3a48
Convert -2212141 (base 5) to base 16.
-9615
Convert -30140 (base 6) to base 10.
-3948
-2335020 (base 6) to base 14
-32472
Convert -1000111011101 (base 2) to base 8.
-10735
What is 371 (base 8) in base 7?
504
Convert -11d68 (base 14) to base 7.
-241461
Convert 55351200 (base 6) to base 14.
3140da
-1110132103 (base 4) to base 10
-346003
What is -131302430 (base 5) in base 8?
-2366175
What is -1044404230 (base 6) in base 9?
-23428870
What is 21201010020 (base 3) in base 8?
450247
What is 179fd (base 16) in base 13?
35076
-245b32 (base 12) to base 6
-20355302
8c3361 (base 13) to base 5
1322222003
100221111201 (base 3) to base 12
9533a
Convert 115322335 (base 7) to base 2.
11011100101110010011111
Convert 11022012120 (base 3) to base 10.
84714
-10324033 (base 5) to base 8
-256264
What is 2311151 (base 12) in base 3?
110200111002121
-14cde8 (base 16) to base 3
-2120021021111
Convert 3422700 (base 8) to base 5.
214132133
Convert -11113023212 (base 4) to base 12.
-579572
Convert 104646 (base 8) to base 15.
a693
d4214 (base 15) to base 13
1a6bb7
172943 (base 16) to base 9
2763135
What is 413222 (base 10) in base 14?
aa83c
Convert -482813 (base 9) to base 16.
-46ff2
Convert 51501311 (base 6) to base 9.
2713707
What is -127774 (base 9) in base 12?
-39104
What is 5363 (base 15) in base 5?
1031033
34c3 (base 13) to base 4
1310002
Convert -1000001001110111000 (base 2) to base 7.
-2161662
-3238834 (base 9) to base 14
-33386b
What is -1010110101010011011 (base 2) in base 15?
-7029b
What is -411605 (base 7) in base 9?
-116348
-1755162 (base 8) to base 16
-7da72
-2047432 (base 11) to base 12
-1262002
13535004 (base 6) to base 15
92621
Convert 63e92 (base 15) to base 13.
b1491
What is 100010010010010011010 (base 2) in base 14?
21360a
323100330130 (base 4) to base 10
15535900
What is 15463 (base 12) in base 11?
20618
Convert -27106 (base 11) to base 4.
-21131012
What is -21616062 (base 7) in base 9?
-3460236
4713 (base 11) to base 7
24014
What is 4445 (base 8) in base 15?
a61
What is 212020012000222 (base 3) in base 10?
12344912
-586577 (base 9) to base 6
-11320154
212510 (base 8) to base 9
117331
5314012 (base 11) to base 13
1c29a20
222011120021222 (base 3) to base 9
28146258
-1159c (base 14) to base 11
-29845
Convert 480378 (base 14) to base 3.
11121221112212
199cc (base 16) to base 10
104908
Convert -5e65d (base 15) to base 13.
-a74b5
What is 1148653 (base 12) in base 5?
1323120021
Convert 131021322003 (base 4) to base 15.
a0e7c0
Convert 32662568 (base 9) to base 10.
15807374
-12520000 (base 6) to base 8
-1452000
Convert 58050aa (base 11) to base 10.
10152988
Convert -2276 (base 8) to base 12.
-852
What is b794b (base 14) in base 11?
283327
48535 (base 16) to base 14
79d65
101010100001101111101 (base 2) to base 6
45511313
Convert -10011100001100111000001 (base 2) to base 9.
-10561112
Convert 323314 (base 6) to base 3.
1100121101
-2133312330 (base 4) to base 13
-19c059
Convert 7a8442 (base 14) to base 12.
1492236
50230657 (base 8) to base 11
5a659a0
What is 15192 (base 10) in base 2?
11101101011000
Convert -968237 (base 13) to base 7.
-42004232
Convert 10212000200110 (base 3) to base 6.
111515150
Convert -1376c (base 16) to base 2.
-10011011101101100
-864e11 (base 15) to base 16
-619618
What is -1ad17e (base 16) in base 15?
-24ab61
What is 4b1a0 (base 16) in base 10?
307616
Convert 41043415 (base 6) to base 5.
300004022
What is -1102401410 (base 5) in base 3?
-11111022100110
What is 20013112022 (base 4) in base 8?
10072612
13123123 (base 4) to base 8
73333
-25a441 (base 11) to base 4
-1203320322
Convert 1df2 (base 16) to base 9.
11457
What is -2c0a6 (base 14) in base 16?
-1ad52
-24327